09. Determine v(4).
-101
Let l(x) = -x**3 + 21*x**2 + 32*x + 323. Determine l(22).
543
Let b(l) = -87*l**3 - 618*l**2 - 58*l + 25. Determine b(-7).
-10
Let h(l) = 3167*l**2 + 6324*l - 28. Give h(-2).
-8
Let f(m) = -1874*m - 26341. What is f(-14)?
-105
Let o(p) = 6299*p - 1606252. Calculate o(255).
-7
Let y(d) = 2992*d + 83804. Determine y(-28).
28
Let n(g) = -g**3 + 363*g**2 + 401*g - 13491. Determine n(364).
-23
Let k(a) = 3280*a - 19038. Calculate k(6).
642
Let z(o) = 33*o**2 + 32*o - 27. Give z(0).
-27
Let p(g) = -g**3 - 15*g**2 + 61*g + 86. Determine p(-20).
866
Let o(l) = 3665*l - 32708. Give o(9).
277
Let o(j) = -3*j**2 - 490*j + 383. Give o(-164).
55
Let o(a) = 2*a**3 + 637*a**2 - 2214*a + 12907. Give o(-322).
27
Let f(w) = -8*w**2 - 2978*w - 167. Determine f(0).
-167
Let f(w) = 12*w**2 - 125*w + 146. Calculate f(9).
-7
Let u(d) = -d**3 - 60*d**2 + 667*d - 15. What is u(11)?
-1269
Let s(n) = -16*n**3 + 185*n**2 - 399*n + 214. What is s(1)?
-16
Let b(p) = 25*p**3 - 2026*p**2 + 90*p - 706. Determine b(81).
23
Let a(i) = -25411*i - 711529. What is a(-28)?
-21
Let y(z) = z**3 + 71*z**2 + 246*z + 6928. Give y(-69).
-524
Let k(h) = 4*h**2 - 2026*h - 141027. Determine k(-62).
-39
Let a(b) = -334*b - 19360. What is a(-64)?
2016
Let z(t) = 8574*t - 145796. Calculate z(17).
-38
Let d(c) = c**3 - 58*c**2 - 253*c + 426. Give d(62).
116
Let l(r) = r**3 + 90*r**2 - 4862*r - 421712. Give l(-94).
-28
Let o(p) = -495*p + 603393. What is o(1219)?
-12
Let y(x) = -9*x**3 - 1305*x**2 - 17547*x + 395. Determine y(-130).
5
Let n(r) = 7302*r - 1044190. Give n(143).
-4
Let j(b) = b**3 - 6*b**2 + 118*b - 1150. Determine j(9).
155
Let h(c) = -145*c - 976. What is h(-11)?
619
Let z(d) = 188*d**2 + 979*d + 169. Calculate z(-5).
-26
Let m(f) = -52*f**2 + 4820*f + 119. Calculate m(92).
3431
Let o(j) = -j**2 - 555*j - 13573. Give o(-27).
683
Let j(p) = -1876*p - 60445. Give j(-32).
-413
Let o(p) = 2*p**3 + 31*p**2 + 101*p + 3245. Give o(-18).
-193
Let o(i) = -9384*i + 1548368. What is o(165)?
8
Let p(o) = -235*o + 35959. Determine p(153).
4
Let r(u) = -8*u**2 - 31696*u - 158277. Determine r(-5).
3
Let b(g) = -19*g**2 - 77*g + 764. What is b(-8)?
164
Let q(p) = p**3 - 89*p**2 - 205*p - 488. What is q(91)?
-2581
Let s(o) = -2*o**3 + 45*o**2 + 147*o - 359. Calculate s(25).
191
Let g(u) = u**2 - 805*u + 13374. What is g(17)?
-22
Let u(w) = -14411*w + 187351. Give u(13).
8
Let c(t) = -4*t + 128. What is c(73)?
-164
Let o(w) = w**3 + 141*w**2 - 74*w - 10494. Determine o(-141).
-60
Let n(s) = -1892*s + 45403. Determine n(24).
-5
Let f(a) = 4*a**2 - 12028*a + 24057. Determine f(2).
17
Let z(k) = k**3 - 52*k**2 - 14442*k - 1647. Determine z(149).
-8
Let q(u) = -u**3 + 36*u**2 + 154*u + 199. What is q(40)?
-41
Let q(c) = 750*c + 158260. Give q(-211).
10
Let l(o) = -o**2 + 20999*o - 251851. Give l(12).
-7
Let d(b) = -487*b + 58215. What is d(122)?
-1199
Let t(b) = -71*b + 3684. Give t(64).
-860
Let p(y) = 305421*y - 1221676. Determine p(4).
8
Let h(b) = 3*b**3 - 237*b**2 + 2243*b + 7. What is h(68)?
-61
Let x(r) = 4683589*r + 37468734. Determine x(-8).
22
Let v(a) = 7*a**3 + 8*a**2 - 628*a + 1836. What is v(3)?
213
Let h(n) = -4*n**3 + 103*n**2 - 666*n + 7. Give h(7).
-980
Let v(h) = -h**3 - 15*h**2 + 30*h + 231. Calculate v(-12).
-561
Let u(j) = -125*j**3 - j**2 + 80*j + 81. Determine u(-1).
125
Let y(v) = -8*v**3 + 45*v**2 - 751*v + 5355. What is y(7)?
-441
Let n(y) = -196*y**3 - 1763*y**2 + 101*y + 884. Give n(-9).
56
Let y(h) = 13*h**2 - 18*h - 192. Give y(-14).
2608
Let q(z) = -3*z**3 + 157*z**2 - 25*z - 6. Calculate q(0).
-6
Let t(z) = -6391*z - 12781. Determine t(-2).
1
Let z(r) = -42*r**2 + 119*r - 96. Calculate z(6).
-894
Let o(w) = -25106*w - 552323. Calculate o(-22).
9
Let n(s) = 12*s**3 + 16*s**2 + 26*s + 48. Determine n(-4).
-568
Let p(i) = 8*i**3 + 44*i**2 + 92*i + 1120. What is p(-7)?
-112
Let x(r) = -1671*r + 360939. What is x(216)?
3
Let z(g) = -35*g**3 + 136*g**2 + 152*g + 189. Determine z(5).
-26
Let w(h) = 32*h - 1798. Determine w(49).
-230
Let b(k) = -20*k**3 - 466*k**2 + 339*k + 63. What is b(-24)?
-9
Let p(y) = -2*y**2 - 5074*y + 891644. Give p(165).
-16
Let k(m) = 270*m - 9555. Determine k(31).
-1185
Let w(o) = 13*o**2 - 335*o + 2040. What is w(7)?
332
Let t(g) = g**2 + 60*g - 27978. Give t(-200).
22
Let c(b) = 23*b**2 - 2088*b + 23252. What is c(13)?
-5
Let j(p) = -p**3 - 93*p**2 + 74*p - 2086. Calculate j(-94).
-206
Let w(y) = y**3 - 3*y**2 + 66*y - 286. Determine w(4).
-6
Let c(y) = 7*y**3 - 18*y**2 - 2*y + 73. What is c(2)?
53
Let h(z) = 865*z**2 - 9477*z - 473. Calculate h(11).
-55
Let a(t) = -t**2 + 141*t - 4799. What is a(84)?
-11
Let u(p) = -1677039*p + 15093364. Give u(9).
13
Let t(n) = -11*n**3 - 138*n**2 + 430*n + 49. Determine t(3).
-200
Let r(a) = 16627*a + 282708. Determine r(-17).
49
Let f(q) = -260641*q - 1042655. Give f(-4).
-91
Let b(u) = u**3 + 7*u**2 - 320*u + 320. What is b(14)?
-44
Let w(q) = 5*q**2 - 4*q - 82. What is w(0)?
-82
Let o(i) = -6*i**2 - 941*i - 18. Give o(-157).
-175
Let v(n) = -n**3 + 20*n**2 + 71*n + 40. What is v(23)?
86
Let r(p) = 73*p**2 + 1017*p - 54. What is r(-14)?
16
Let m(n) = n**2 + 2953*n + 167910. What is m(-58)?
0
Let p(l) = 30*l + 982. Determine p(-24).
262
Let n(s) = 1416*s**3 - 12*s**2 - 54*s - 46. Calculate n(-1).
-1420
Let h(m) = -9*m**2 + 33976*m - 305060. Give h(9).
-5
Let d(t) = -14*t + 200. Calculate d(15).
-10
Let l(k) = -651074*k + 3255435. What is l(5)?
65
Let c(k) = k**3 + 92*k**2 + 23*k + 2122. Give c(-92).
6
Let i(m) = -81*m - 5237. Give i(-51).
-1106
Let r(c) = c**3 + 150*c**2 - 461*c - 308. Determine r(-153).
-2
Let o(a) = -26*a**2 - 51*a + 272. What is o(5)?
-633
Let f(m) = -2*m**2 + 441*m - 12163. Determine f(188).
57
Let j(w) = 2*w**3 - 23*w**2 + 322*w - 575. Calculate j(2).
-7
Let z(q) = -q**3 - 174*q**2 - 2415*q - 4779. Calculate z(-159).
-9
Let q(v) = 5*v**2 + 359*v - 2197. Calculate q(6).
137
Let d(b) = -b**3 - 46*b**2 - 195*b - 4550. What is d(-44)?
158
Let o(u) = -588*u - 26083. Calculate o(-45).
377
Let d(k) = -65661*k - 3808342. What is d(-58)?
-4
Let z(y) = -6138*y**2 - 220969*y - 49. Calculate z(-36).
-13
Let n(t) = 31*t**2 + 3108*t - 8775. Determine n(-103).
-20
Let n(j) = 10961*j - 87686. Give n(8).
2
Let v(p) = 2732*p - 30089. Calculate v(11).
-37
Let u(k) = 2*k**2 - 155*k - 4358. Give u(-22).
20
Let f(p) = 51696*p + 103180. What is f(-2)?
-212
Let c(s) = -s**3 + 93*s**2 + 3400*s + 313. Give c(-28).
-23
Let z(l) = -73*l**2 - 1145*l - 1737. What is z(-14)?
-15
Let d(p) = 3*p**2 + 183*p + 6773. What is d(-42)?
4379
Let m(l) = 3*l**3 - 92*l**2 + 223*l + 46. Give m(28).
18
Let r(k) = 3*k**2 - 175*k + 1247. Determine r(50).
-3
Let b(k) = -2*k**3 - 488*k**2 - 4477*k - 969812. Determine b(-243).
1
Let v(k) = 2133*k - 147280. Determine v(69).
-103
Let s(o) = 10*o**2 - 919*o - 126. Calculate s(93).
897
Let a(y) = -69*y + 4952. Determine a(66).
398
Let w(k) = 1401*k + 441273. Determine w(-315).
-42
Let c(f) = -2*f**3 + 181*f**2 - 88*f - 54. Calculate c(90).
126
Let g(n) = 50*n**3 + 162*n**2 - 246*n - 725. Give g(-3).
121
Let q(a) = 33*a**2 - 4910*a - 105211. Calculate q(-19).
-8
Let l(m) = -19*m**3 - 88*m**2 - 38*m - 63. Determine l(-2).
-187
Let q(g) = g**3 + 95*g**2 - 393*g + 315. What is q(-99)?
18
Let n(u) = -80795*u + 4201333. Determine n(52).
-7
Let y(c) = -371*c + 51461. Give y(137).
634
Let k(d) = -2525*d - 10271. Determine k(-4).
-171
Let b(d) = d**3 + 14*d**2 + 232*d + 4236. Determine b(-16).
12
Let m(l) = 6*l**3 + 1854*l**2 + 777*l + 240090. Calculate m(-309).
-3
Let k(s) = 93*s**2 + 2791*s + 19. Give k(-30).
-11
Let v(f) = -7*f**2 + 305*f + 1496. Determine v(48).
8
Let h(q) = -47*q**2 + 363*q + 119. Give h(12).
-2293
Let z(h) = -6*h**3 + 62*h**2 - 129*h - 81. Calculate z(4).
11
Let w(l) = l**3 - 12*l**2 + 46*l - 366. Calculate w(8).
-254
Let o(t) = -55*t**2 - 1310*t - 7375. Give o(-15).
-100
Let i(d) = -64*d**2 - 1535*d + 33. Calculate i(-24).
9
Let b(o) = -o**3 + 17*o**2 - o + 497. What is b(18)?
155
Let k(y) = y**3 + 265*y**2 - 3990*y + 1170. What is k(14)?
-6
Let g(y) = 6*y**2 + 5113*y - 428275. Determine g(-929).
-6
Let q(n) = 258010*n + 3354112. Determine q(-13).
-18
Let t(s) = -18*s**2 - 370*s + 310. Determine t(-21).
142
Let n(q) = q**3 + 49*q**2 - 41*q - 122. 